common factor of 614 and 816313?
307
What is the greatest common factor of 383 and 9105059?
383
Calculate the highest common factor of 207 and 296631.
207
What is the highest common factor of 18057 and 9?
3
Calculate the greatest common divisor of 434 and 94178.
434
Calculate the highest common factor of 8320 and 91.
13
What is the greatest common divisor of 11899 and 1304?
163
Calculate the greatest common factor of 159672 and 9.
3
Calculate the greatest common factor of 1052 and 4.
4
What is the highest common divisor of 25 and 39475?
25
Calculate the greatest common divisor of 20092 and 508.
4
Calculate the greatest common factor of 66353 and 91.
7
Calculate the greatest common divisor of 18769 and 1096.
137
Calculate the highest common divisor of 16 and 3264048.
16
Calculate the greatest common divisor of 2959385 and 13.
13
Calculate the greatest common factor of 11773 and 8299.
193
Calculate the greatest common factor of 5930 and 10.
10
What is the greatest common factor of 2873901 and 5661?
1887
Calculate the greatest common divisor of 65582 and 484.
242
Calculate the highest common factor of 289182 and 18.
6
What is the greatest common factor of 2031 and 44005?
677
Calculate the greatest common divisor of 395 and 19039.
79
Calculate the greatest common factor of 68 and 42109.
17
Calculate the highest common factor of 122 and 35990.
122
What is the highest common divisor of 1820 and 3780?
140
Calculate the greatest common factor of 3480 and 28632.
24
What is the greatest common factor of 32 and 1183664?
16
What is the greatest common divisor of 14884 and 4?
4
Calculate the highest common factor of 7239 and 381.
381
What is the greatest common divisor of 83394 and 18?
18
What is the highest common factor of 620 and 31320?
20
What is the greatest common factor of 348 and 5974?
58
Calculate the greatest common divisor of 3900 and 5109.
39
Calculate the greatest common factor of 73 and 1380211.
73
Calculate the highest common divisor of 332 and 11537.
83
What is the highest common divisor of 106476 and 30?
6
Calculate the greatest common factor of 3190 and 47630.
110
Calculate the highest common divisor of 240 and 58944.
48
Calculate the greatest common divisor of 22 and 10553796.
22
Calculate the greatest common divisor of 49 and 334523.
49
Calculate the highest common factor of 1917 and 135.
27
Calculate the greatest common factor of 2640 and 6704.
16
Calculate the greatest common divisor of 805 and 44758.
161
What is the highest common factor of 20 and 22575?
5
What is the greatest common divisor of 9061 and 82?
41
Calculate the greatest common factor of 187201 and 3431.
47
Calculate the highest common divisor of 13580 and 7.
7
Calculate the highest common divisor of 1809 and 2880.
9
Calculate the greatest common factor of 16 and 530816.
16
What is the highest common factor of 1015866 and 18?
18
Calculate the greatest common factor of 9394 and 770.
154
Calculate the highest common divisor of 3005 and 54691.
601
Calculate the greatest common factor of 6535 and 290.
5
What is the greatest common divisor of 6210 and 660744?
1242
What is the greatest common factor of 149447 and 177?
59
What is the greatest common divisor of 1587 and 2231?
23
What is the greatest common divisor of 28 and 40950?
14
What is the greatest common divisor of 1324 and 219122?
662
What is the greatest common factor of 377 and 208?
13
Calculate the greatest common factor of 198 and 85572.
18
Calculate the greatest common divisor of 3235 and 7.
1
Calculate the greatest common divisor of 15965 and 55620.
515
What is the highest common factor of 3816 and 783234?
954
Calculate the highest common divisor of 17378 and 10.
2
What is the greatest common factor of 18 and 4012893?
9
What is the highest common factor of 12444 and 108?
12
Calculate the highest common divisor of 32287 and 389.
389
Calculate the greatest common factor of 5915 and 35.
35
What is the greatest common divisor of 10332 and 7626?
246
What is the greatest common divisor of 406957 and 58?
29
Calculate the highest common factor of 849 and 57.
3
What is the highest common factor of 1529623 and 1006?
503
Calculate the greatest common factor of 72877 and 203.
203
What is the highest common factor of 58 and 138214?
58
Calculate the highest common divisor of 28686 and 196.
14
Calculate the greatest common factor of 624 and 3924.
12
What is the greatest common factor of 5 and 51130?
5
Calculate the greatest common factor of 133188 and 4488.
132
Calculate the highest common factor of 16 and 2717168.
16
What is the highest common factor of 806 and 11718031?
403
Calculate the greatest common divisor of 494 and 26.
26
Calculate the greatest common divisor of 92905 and 85.
85
What is the highest common factor of 649763 and 1322?
661
Calculate the greatest common factor of 132 and 15378.
66
What is the greatest common factor of 38889 and 596?
149
What is the greatest common factor of 75466 and 13226?
778
Calculate the greatest common factor of 48006 and 22302.
378
Calculate the highest common divisor of 146717 and 207.
23
Calculate the greatest common divisor of 24 and 89728.
8
Calculate the highest common factor of 28 and 12026.
14
What is the greatest common divisor of 572 and 1728?
4
Calculate the greatest common divisor of 142695 and 1512.
189
What is the greatest common divisor of 1605 and 435?
15
Calculate the greatest common factor of 113044 and 360208.
1916
What is the highest common factor of 334 and 398?
2
Calculate the highest common divisor of 28 and 11428.
4
What is the greatest common factor of 79 and 719611?
79
What is the greatest common factor of 902752 and 2?
2
Calculate the highest common factor of 118 and 7552.
118
What is the greatest common divisor of 14 and 214753?
7
Calculate the greatest common factor of 408 and 114120.
24
Calculate the highest common factor of 136370 and 1040.
130
What is the greatest common factor of 60123 and 294?
147
Calculate the highest common divisor of 89067 and 132.
33
Calculate the greatest common divisor of 649 and 4012.
59
What is the greatest common factor of 270 and 1357890?
30
Calculate the greatest common divisor of 9805700 and 300.
100
Calculate the greatest common divisor of 808220 and 161.
161
Calculate the greatest common divisor of 124545 and 138.
69
Calculate the highest common factor of 503750 and 390.
130
What is the highest common divisor of 1140 and 116660?
380
Calculate the greatest common divisor of 3544 and 112.
8
Calculate the greatest common factor of 17 and 955.
1
Calculate the greatest common factor of 1350 and 94230.
270
Calculate the highest common divisor of 42 and 49161.
21
Calculate the highest common factor of 136 and 9979.
17
Calculate the highest common factor of 12 and 33366.
6
Calculate the highest common divisor of 11572 and 1507.
11
What is the highest common divisor of 2064 and 98814?
258
What is the highest common factor of 2321172 and 8?
4
Calculate the highest common divisor of 144 and 75384.
72
Calculate the highest common divisor of 980 and 29860.
20
What is the greatest common factor of 10731 and 133?
7
Calculate the highest common divisor of 1498 and 8453.
107
Calculate the greatest common factor of 75846 and 6.
6
What is the greatest common factor of 74949 and 84?
21
Calculate the greatest common divisor of 33 and 61281.
33
Calculate the greatest common factor of 98428 and 88.
44
What is the greatest common divisor of 48439 and 118?
59
Calculate the greatest common divisor of 1272 and 1378424.
424
What is the highest common divisor of 27 and 99657?
27
What is the highest common divisor of 13297851 and 81?
81
What is the greatest common factor of 2392 and 182?
26
Calculate the highest common divisor of 16 and 20396.
4
Calculate the greatest common divisor of 64265 and 5.
5
What is the highest common factor of 18000 and 130?
10
Calculate the greatest common factor of 20140 and 260.
20
Calculate the greatest common factor of 19810 and 20.
10
Calculate the highest common factor of 464 and 10034.
58
What is the greatest common factor of 4165 and 55?
5
Calculate the greatest common divisor of 457678 and 325.
13
What is the highest common factor of 2563305 and 15?
15
What is the highest common factor of 210 and 139902?
42
What 